is the tens digit of 485531?
3
What is the thousands digit of 8621113?
1
What is the ten thousands digit of 5975201?
7
What is the tens digit of 541903?
0
What is the units digit of 457035?
5
What is the hundred thousands digit of 6527674?
5
What is the millions digit of 3714437?
3
What is the units digit of 3284191?
1
What is the hundred thousands digit of 991304?
9
What is the hundreds digit of 1255934?
9
What is the ten thousands digit of 6020213?
2
What is the tens digit of 448758?
5
What is the hundreds digit of 9198761?
7
What is the thousands digit of 456625?
6
What is the hundreds digit of 709417?
4
What is the millions digit of 4276091?
4
What is the tens digit of 237897?
9
What is the millions digit of 12961043?
2
What is the units digit of 10138576?
6
What is the thousands digit of 428801?
8
What is the ten thousands digit of 198751?
9
What is the tens digit of 459258?
5
What is the units digit of 9393979?
9
What is the thousands digit of 1755660?
5
What is the thousands digit of 1053420?
3
What is the units digit of 614846?
6
What is the hundred thousands digit of 452602?
4
What is the hundred thousands digit of 9252462?
2
What is the ten thousands digit of 208330?
0
What is the thousands digit of 37704?
7
What is the units digit of 128552?
2
What is the thousands digit of 712810?
2
What is the tens digit of 1078969?
6
What is the ten millions digit of 35081998?
3
What is the units digit of 96371?
1
What is the thousands digit of 10090784?
0
What is the hundreds digit of 8778033?
0
What is the tens digit of 1593190?
9
What is the millions digit of 13981632?
3
What is the ten thousands digit of 117556?
1
What is the thousands digit of 3283131?
3
What is the tens digit of 9647455?
5
What is the units digit of 266054?
4
What is the millions digit of 3040071?
3
What is the ten thousands digit of 137755?
3
What is the hundred thousands digit of 1094094?
0
What is the tens digit of 2355812?
1
What is the units digit of 486054?
4
What is the hundred thousands digit of 2168781?
1
What is the units digit of 2083511?
1
What is the hundreds digit of 10116883?
8
What is the thousands digit of 2035785?
5
What is the tens digit of 51160?
6
What is the ten thousands digit of 2138872?
3
What is the thousands digit of 1073847?
3
What is the units digit of 1713583?
3
What is the hundreds digit of 130335?
3
What is the tens digit of 258730?
3
What is the ten thousands digit of 1851864?
5
What is the hundred thousands digit of 4582557?
5
What is the hundred thousands digit of 18779563?
7
What is the units digit of 692380?
0
What is the ten millions digit of 32298178?
3
What is the units digit of 356568?
8
What is the hundreds digit of 4217270?
2
What is the units digit of 4974566?
6
What is the tens digit of 135634?
3
What is the tens digit of 160739?
3
What is the hundred thousands digit of 374662?
3
What is the ten thousands digit of 5059699?
5
What is the tens digit of 76311?
1
What is the thousands digit of 37258113?
8
What is the thousands digit of 636534?
6
What is the hundreds digit of 7814525?
5
What is the hundred thousands digit of 315899?
3
What is the hundreds digit of 8957615?
6
What is the units digit of 351923?
3
What is the tens digit of 602463?
6
What is the ten thousands digit of 2232994?
3
What is the ten thousands digit of 793489?
9
What is the tens digit of 305255?
5
What is the ten thousands digit of 3650259?
5
What is the thousands digit of 1990106?
0
What is the hundreds digit of 2134691?
6
What is the units digit of 222690?
0
What is the ten thousands digit of 17919005?
1
What is the tens digit of 2808328?
2
What is the thousands digit of 266760?
6
What is the units digit of 646917?
7
What is the tens digit of 25263908?
0
What is the hundred thousands digit of 1864264?
8
What is the hundred thousands digit of 712369?
7
What is the ten thousands digit of 4321918?
2
What is the tens digit of 11529734?
3
What is the ten millions digit of 13966794?
1
What is the tens digit of 382464?
6
What is the thousands digit of 357961?
7
What is the tens digit of 486825?
2
What is the ten thousands digit of 187511?
8
What is the ten thousands digit of 4821017?
2
What is the ten millions digit of 13051394?
1
What is the hundred thousands digit of 1028134?
0
What is the units digit of 251389?
9
What is the hundreds digit of 454671?
6
What is the hundreds digit of 1238559?
5
What is the tens digit of 14128550?
5
What is the ten thousands digit of 1687933?
8
What is the units digit of 33194434?
4
What is the thousands digit of 788169?
8
What is the ten thousands digit of 897293?
9
What is the millions digit of 4203851?
4
What is the millions digit of 13872449?
3
What is the ten thousands digit of 1380180?
8
What is the thousands digit of 983083?
3
What is the hundred thousands digit of 883125?
8
What is the thousands digit of 3562196?
2
What is the tens digit of 4402975?
7
What is the tens digit of 28227?
2
What is the hundred thousands digit of 693109?
6
What is the ten thousands digit of 5388274?
8
What is the hundred thousands digit of 25250408?
2
What is the hundred thousands digit of 1996763?
9
What is the hundreds digit of 10291168?
1
What is the ten thousands digit of 403434?
0
What is the thousands digit of 32530?
2
What is the hundreds digit of 4932114?
1
What is the hundreds digit of 3750108?
1
What is the tens digit of 4368188?
8
What is the ten thousands digit of 5059362?
5
What is the thousands digit of 2007067?
7
What is the thousands digit of 4014459?
4
What is the units digit of 278726?
6
What is the millions digit of 6474773?
6
What is the ten thousands digit of 3003471?
0
What is the tens digit of 33998?
9
What is the hundred thousands digit of 17956118?
9
What is the ten thousands digit of 73979?
7
What is the ten thousands digit of 702785?
0
What is the ten thousands digit of 1043423?
4
What is the hundred thousands digit of 3273116?
2
What is the tens digit of 603912?
1
What is the hundreds digit of 2434990?
9
What is the hundred thousands digit of 879429?
8
What is the tens digit of 681059?
5
What is the hundred thousands digit of 10120587?
1
What is the tens digit of 2254730?
3
What is the units digit of 5722321?
1
What is the units digit of 2466736?
6
What is the thousands digit of 13858229?
8
What is the hundred thousands digit of 203989?
2
What is the hundred thousands digit of 400922?
4
What is the hundreds digit of 3093687?
6
What is the tens digit of 756951?
5
What is the tens digit of 296794?
9
What is the hundreds digit of 446581?
5
What is the thousands digit of 5715841?
5
What is the tens digit of 6954892?
9
What is the ten millions digit of 11338629?
1
What is the ten thousands digit of 362184?
6
What is the ten thousands digit of 564112?
6
What is the hundreds digit of 354354?
3
What is the ten thousands digit of 51340?
5
What is the units digit of 4650397?
7
What is the ten thousands digit of 642622?
4
What is the millions digit of 3567903?
3
What is the hundreds digit of 2297980?
9
What is the thousands digit of 9067406?
7
What is the thousands digit of 200674?
0
What is the thousands digit of 7384?
7
What is the tens digit of 43929?
2
What is the hundreds digit of 1425766?
7
What is the tens digit of 3452940?
4
What is the thousands digit of 3039047?
9
What is the thousands digit of 592439?
2
What is the ten thousands digit of 297540?
9
What is the millions digit of 1739680?
1
What is the hundreds digit of 143391?
3
What is the hundreds digit of 276547?
5
What is the hundred thousands digit of 311772?
3
What is the thousands digit of 1941380?
1
What is the ten thousands digit of 6501846?
0
What is the hundred thousands digit of 8647537?
6
What is the units digit of 959462?
2
What is the ten thousands digit of 380449?
8
What is the units digit of 1775904?
4
What is the tens digit of 1281731?
3
What is the thousands digit of 7718147?
8
What is the hundreds digit of 219526?
5
What is the tens digit of 195631?
3
What is the hundred thousands digit of 894308?
8
What is the millions digit of 1297587?
1
What is the hundred thousands digit of 667442?
6
What is the hundreds digit of 1108696?
6
What is the hundred thousands digit of 143011?
1
What is the ten thousands digit of 980472?
8
What is the ten thousands d